-14). Let i be 17/(-2)*28/(-2). Let j = i - c. Calculate the remainder when j is divided by 20.
19
What is the remainder when (-2365)/(-86)*(-4)/(-5) is divided by 172/14 - (-4)/(-14)?
10
Let q be 2 + 3/((-3)/(-26)). Suppose 0 = -5*s - 5*f + 40, 6 = -5*s + 4*f + q. What is the remainder when (-6)/27 + (-191)/(-9) is divided by s?
3
Calculate the remainder when 71 is divided by 4/(-10) + -4*(-154)/40.
11
Suppose 0 = 5*p - 9 - 1. Let u(q) = q**3 - 2*q. Let m(h) = -2*h - 7. Calculate the remainder when m(-7) is divided by u(p).
3
Suppose -4*b + 13 - 1 = 0. Suppose b*m = -2*d + 4 + 31, 0 = m + 4*d - 15. Suppose 5*o - 12 = 2*o. What is the remainder when m is divided by o?
3
Let v(p) be the third derivative of 5*p**4/12 + p**3/2 - p**2. Let g = 9 + -4. What is the remainder when v(g) is divided by 18?
17
Suppose 0*o - 2*m + 30 = 5*o, -4*o = -2*m - 24. Calculate the remainder when o is divided by 2.
0
Calculate the remainder when ((-3)/12)/(6/(-888)) is divided by 20.
17
Suppose -u = -4, -4*x + 3*u = 2*u - 4. Let g be 23*2/5*10. Suppose -5*z + b = -164, 4*z - 28 = -x*b + g. What is the remainder when z is divided by 11?
10
Let s(t) = t**2 - t. Calculate the remainder when s(-5) is divided by 11.
8
Let n(l) = -l**3 - 6*l**2 - 2*l + 5. Let y be n(-6). Let j = -9 + y. What is the remainder when -15*(-1 + 1 + -1) is divided by j?
7
Suppose -35 = -0*u - u - t, -3*u + 5*t + 145 = 0. Suppose 8*m - 44 = 4*m. What is the remainder when u is divided by m?
7
Suppose -50 = 7*z - 8*z. What is the remainder when z is divided by 26?
24
Suppose -3*b - 12 = -5*b. Let k(f) = 5*f - 8. What is the remainder when k(b) is divided by 12?
10
Let r = 17 - -44. What is the remainder when 1/(2/(1 + r)) is divided by (4/12)/(3/99)?
9
Let f be 4*9 - (-1)/(-1). Suppose -f - 40 = -3*y. Suppose 0 = -3*u + y - 10. Calculate the remainder when 14 is divided by u.
4
Suppose 38 = 4*z + 5*y - 9, z = -2*y + 14. Calculate the remainder when 22 is divided by z.
6
Let g(f) = -f**3 - 6*f**2 - 7*f - 5. Let v be g(-5). Suppose v*h + 54 = l, 3 + 1 = l. Calculate the remainder when (-226)/h + 3/(-5) is divided by 12.
10
Let i be (-126)/7*(-2)/4. Let c = -2 + i. What is the remainder when 27 is divided by c?
6
Suppose 0 = 3*x - 6*x - 81. Let t = -18 - x. Calculate the remainder when 16 is divided by t.
7
Let v(k) = -10 - 8*k**2 + 9*k + 4*k**2 + 3*k**2. Suppose -2 = 4*q - 10. What is the remainder when v(7) is divided by q?
0
Suppose 0 = 3*o + 4*o - 280. Calculate the remainder when 198 is divided by o.
38
Let n be ((-126)/1)/1 - -1. Let p = -64 - n. Suppose -5*r + 5 = -75. Calculate the remainder when p is divided by r.
13
Suppose -4*w + 3*t = -88, w + 5*t - 66 = -2*w. Calculate the remainder when w is divided by 12.
10
Suppose -l - 40 = 11. Let c = 82 + l. What is the remainder when c is divided by 8?
7
Let d(z) = -z - 3. Calculate the remainder when 97 is divided by d(-29).
19
Let n(v) = 24*v**3 + v - 1. What is the remainder when 70 is divided by n(1)?
22
Suppose 0*m + 35 = 5*m - n, 40 = 5*m - 2*n. Suppose 20 = -w + m*w. Suppose w*i + 34 = 5*i. Calculate the remainder when i is divided by 12.
10
Suppose 7*n + 20 = 8*n. Calculate the remainder when 1*-114*(-1)/2 is divided by n.
17
What is the remainder when 93 is divided by (-4)/(-10) + 790/25?
29
Suppose o + 57 = 4*o. Let v(d) = d**2 + 6*d - 60. Calculate the remainder when v(-15) is divided by o.
18
What is the remainder when (-4)/10 - 32/(-5) is divided by 3?
0
Suppose 4*p - 3*p + 33 = 3*g, p = 4*g - 45. Calculate the remainder when 58 is divided by g.
10
Let d be 1 - 0 - (-15 + 2). Suppose -4*s + t + 56 = -s, -s = -5*t - d. What is the remainder when 74 is divided by s?
17
Suppose -4 = 3*i - 1, 5*u = -3*i + 887. What is the remainder when u is divided by 36?
34
Let i(s) = -4*s**3 + s + 1. Let w be i(-1). Suppose w*v + 11 = x, 0 = x - 3*x + 4*v + 18. Calculate the remainder when 12/9*9*1 is divided by x.
5
What is the remainder when 3/7 + 508/7 is divided by 15?
13
Let c(f) = f**3 + 9*f**2 - f + 2. Calculate the remainder when c(-9) is divided by 7.
4
Suppose 4*p + 100 = 4*v, 2*p = -v - 2*p + 30. Let r(c) = -10*c. Let x be r(-4). Let k = x - v. What is the remainder when 54 is divided by k?
12
Let t(d) = -2*d**3 - 5*d**2 - 3*d - 2. Let z be t(-3). Let l = -3 + z. Suppose -2*x + 190 = 3*x. What is the remainder when x is divided by l?
12
Let k(g) = g**2 + 16*g + 48. Calculate the remainder when k(-15) is divided by 13.
7
Let r = 65 - 47. Calculate the remainder when 71 is divided by r.
17
Suppose q + 35 = m, -5*q + 105 = 2*m + m. What is the remainder when m is divided by 10?
5
Let j = -21 - -38. Let l = 17 + 16. Calculate the remainder when l + -1 + (4 - 4) is divided by j.
15
Suppose 32*i - 33*i = -9. What is the remainder when 61 is divided by i?
7
Suppose 16 = 6*c - 14. What is the remainder when 19 is divided by c?
4
Let v be 70 - (20/(-4) - -2). Let m = v + -41. What is the remainder when m is divided by 17?
15
Let a = 7 - -4. Suppose a*p - 7*p = 16. Suppose 90 = p*o - o - 2*n, -62 = -2*o + 2*n. What is the remainder when o is divided by 15?
13
Suppose -3 + 9 = 2*b. Suppose b - 19 = 4*p. What is the remainder when (1 - 11)*2/p is divided by 2?
1
Calculate the remainder when 5 is divided by 14/4 + (-12)/(-24).
1
Let t = 26 - 14. What is the remainder when t is divided by 5?
2
Let m be 28/35*(-5)/(-2). Suppose -5*a + 2*o - 109 = -507, -m*a = -3*o - 157. What is the remainder when a is divided by 27?
26
Let p = -33 - -28. Let r(x) = -x**3 - 4*x**2 + 4*x + 5. Calculate the remainder when 38 is divided by r(p).
8
Suppose 3*s + s - 360 = 0. Let d = -24 + 47. Calculate the remainder when s is divided by d.
21
Let j = -2 + 6. Suppose -j*v = -v + 15. Let i(m) = -m**2 - 7*m - 1. Calculate the remainder when i(v) is divided by 5.
4
Suppose -60 = -5*j + 40. What is the remainder when 38 is divided by j?
18
Suppose -4 = -4*i + 8. Suppose -4*c + 99 = -0*c + i*k, -c + 1 = -4*k. What is the remainder when c is divided by 11?
10
Let m(t) = t**3 - 7*t**2 - 6*t - 1. Suppose -3*p + 2*i = -0*i - 22, -5*i + 5 = 0. Calculate the remainder when 43 is divided by m(p).
13
Let l(o) = -39*o - 2. What is the remainder when 71 is divided by l(-1)?
34
Suppose 3*q = -9, 4*u - 2*q - 290 = -0*u. What is the remainder when u is divided by 12?
11
Let h = 0 + -3. Let n(f) = -6*f + 5. What is the remainder when 91 is divided by n(h)?
22
Let i(s) = -s + 29. Suppose g + h - 32 + 8 = 0, -24 = -g + h. Calculate the remainder when g is divided by i(22).
3
Let f be 7 + -5 + 2/1. Suppose 2*t = f*p - 20, -p - 5*t - 28 + 11 = 0. Let y = 11 + p. What is the remainder when 40 is divided by y?
12
Let d = 173 - 78. Calculate the remainder when d is divided by 14.
11
Let l = -18 - -28. Calculate the remainder when 34 is divided by l.
4
Suppose -5*p = -3*d + 338, -5*d + 3*p = 7*p - 514. Calculate the remainder when ((-4)/10)/((-2)/190) is divided by 2/(-8) - d/(-8).
12
Let v(x) = -3*x + 2 - 3*x**3 + 0*x**2 + 5*x**2 + 0 - 10*x**2. Calculate the remainder when v(-3) is divided by 12.
11
What is the remainder when (-2)/3 - (-400)/6 is divided by 3*1*(-10)/30*-17?
15
Suppose -5*w = -5*f - 16 + 1, -5*f - 5*w + 35 = 0. Suppose 0 = -5*a - 4*g + 369, -a + 2*g + 217 = f*a. Calculate the remainder when a is divided by 25.
23
Suppose 0 = -4*d + 4 + 16, -3*t = -5*d + 16. Suppose -t*h + h + 134 = 0. Calculate the remainder when h is divided by 23.
21
What is the remainder when 1 is divided by ((2/(-3))/(-1))/(64/96)?
0
Let a = 48 - 38. Calculate the remainder when 15 is divided by a.
5
Let o(s) = -4*s - s**3 + s**2 + 5*s**2 - 2 + 2*s**3. What is the remainder when o(-6) is divided by 8?
6
Let l = 5 - 2. Let i = 6 + -2. Suppose 0 = -3*m - i*n - 2, -l*m + 9 = -n - 14. What is the remainder when 16 is divided by m?
4
Let y(x) be the first derivative of x**2/2 + 14*x + 2. Let a be y(-11). Calculate the remainder when -3*1*a/(-9) is divided by 1.
0
Let t(a) = -a**2 + 10*a - 2. Suppose -r - 8 = -2*r. What is the remainder when t(5) is divided by r?
7
Suppose -n + 4*n = 18. Suppose 0*a + n = a. Calculate the remainder when 10 is divided by a.
4
Let s = 75 + -45. Let b = 32 + -16. Calculate the remainder when s is divided by b.
14
Suppose -5*j = 2*p - 175, -140 = 2*j - 6*j + p. Calculate the remainder 